{"id":207,"date":"2023-11-03T18:19:35","date_gmt":"2023-11-03T18:19:35","guid":{"rendered":"https:\/\/aircreator.eu\/?page_id=207"},"modified":"2024-01-25T18:23:16","modified_gmt":"2024-01-25T18:23:16","slug":"kim-jestesmy","status":"publish","type":"page","link":"https:\/\/aircreator.eu\/index.php\/pl\/kim-jestesmy\/","title":{"rendered":"Kim jeste\u015bmy?"},"content":{"rendered":"\t\t<div data-elementor-type=\"wp-page\" data-elementor-id=\"207\" class=\"elementor elementor-207\" data-elementor-post-type=\"page\">\n\t\t\t\t\t\t<section class=\"elementor-section elementor-top-section elementor-element elementor-element-6d6d9629 elementor-section-height-min-height elementor-section-content-middle elementor-section-boxed elementor-section-height-default elementor-section-items-middle\" data-id=\"6d6d9629\" data-element_type=\"section\" data-settings=\"{&quot;background_background&quot;:&quot;classic&quot;}\">\n\t\t\t\t\t\t\t<div class=\"elementor-background-overlay\"><\/div>\n\t\t\t\t\t\t\t<div class=\"elementor-container elementor-column-gap-no\">\n\t\t\t\t\t<div class=\"elementor-column elementor-col-100 elementor-top-column elementor-element elementor-element-6b254f8d\" data-id=\"6b254f8d\" data-element_type=\"column\" data-settings=\"{&quot;background_background&quot;:&quot;classic&quot;}\">\n\t\t\t<div class=\"elementor-widget-wrap elementor-element-populated\">\n\t\t\t\t\t\t<div class=\"elementor-element elementor-element-399d2329 elementor-widget elementor-widget-heading\" data-id=\"399d2329\" data-element_type=\"widget\" data-widget_type=\"heading.default\">\n\t\t\t\t<div class=\"elementor-widget-container\">\n\t\t\t<h1 class=\"elementor-heading-title elementor-size-default\">Kim jeste\u015bmy?<\/h1>\t\t<\/div>\n\t\t\t\t<\/div>\n\t\t\t\t\t<\/div>\n\t\t<\/div>\n\t\t\t\t\t<\/div>\n\t\t<\/section>\n\t\t<div class=\"elementor-element elementor-element-273c1c6 e-flex e-con-boxed e-con e-parent\" data-id=\"273c1c6\" data-element_type=\"container\">\n\t\t\t\t\t<div class=\"e-con-inner\">\n\t\t<div class=\"elementor-element elementor-element-5fc9c51 e-con-full e-flex elementor-invisible e-con e-child\" data-id=\"5fc9c51\" data-element_type=\"container\" data-settings=\"{&quot;animation&quot;:&quot;fadeInLeft&quot;}\">\n\t\t\t\t<div class=\"elementor-element elementor-element-a7e1d57 elementor-widget elementor-widget-image\" data-id=\"a7e1d57\" data-element_type=\"widget\" data-widget_type=\"image.default\">\n\t\t\t\t<div class=\"elementor-widget-container\">\n\t\t\t\t\t\t\t\t\t\t\t\t\t<img fetchpriority=\"high\" decoding=\"async\" width=\"800\" height=\"598\" src=\"https:\/\/aircreator.eu\/wp-content\/uploads\/2023\/11\/stephanie-klepacki-H_47tR6gXTI-unsplash-1024x765.jpg\" class=\"attachment-large size-large wp-image-530\" alt=\"\" srcset=\"https:\/\/aircreator.eu\/wp-content\/uploads\/2023\/11\/stephanie-klepacki-H_47tR6gXTI-unsplash-1024x765.jpg 1024w, https:\/\/aircreator.eu\/wp-content\/uploads\/2023\/11\/stephanie-klepacki-H_47tR6gXTI-unsplash-300x224.jpg 300w, https:\/\/aircreator.eu\/wp-content\/uploads\/2023\/11\/stephanie-klepacki-H_47tR6gXTI-unsplash-768x574.jpg 768w, https:\/\/aircreator.eu\/wp-content\/uploads\/2023\/11\/stephanie-klepacki-H_47tR6gXTI-unsplash-1536x1147.jpg 1536w, https:\/\/aircreator.eu\/wp-content\/uploads\/2023\/11\/stephanie-klepacki-H_47tR6gXTI-unsplash-2048x1530.jpg 2048w\" sizes=\"(max-width: 800px) 100vw, 800px\" \/>\t\t\t\t\t\t\t\t\t\t\t\t\t<\/div>\n\t\t\t\t<\/div>\n\t\t\t\t<\/div>\n\t\t<div class=\"elementor-element elementor-element-d16b178 e-con-full e-flex e-con e-child\" data-id=\"d16b178\" data-element_type=\"container\">\n\t\t\t\t<div class=\"elementor-element elementor-element-8fa8b0f elementor-widget-divider--separator-type-pattern elementor-widget-divider--view-line elementor-widget elementor-widget-divider\" data-id=\"8fa8b0f\" data-element_type=\"widget\" data-widget_type=\"divider.default\">\n\t\t\t\t<div class=\"elementor-widget-container\">\n\t\t\t\t\t<div class=\"elementor-divider\" style=\"--divider-pattern-url: url(&quot;data:image\/svg+xml,%3Csvg xmlns=&#039;http:\/\/www.w3.org\/2000\/svg&#039; preserveAspectRatio=&#039;none&#039; overflow=&#039;visible&#039; height=&#039;100%&#039; viewBox=&#039;0 0 24 24&#039; fill=&#039;none&#039; stroke=&#039;black&#039; stroke-width=&#039;4&#039; stroke-linecap=&#039;square&#039; stroke-miterlimit=&#039;10&#039;%3E%3Cpolyline points=&#039;0,18 12,6 24,18 &#039;\/%3E%3C\/svg%3E&quot;);\">\n\t\t\t<span class=\"elementor-divider-separator\">\n\t\t\t\t\t\t<\/span>\n\t\t<\/div>\n\t\t\t\t<\/div>\n\t\t\t\t<\/div>\n\t\t\t\t<div class=\"elementor-element elementor-element-95397b9 elementor-widget elementor-widget-heading\" data-id=\"95397b9\" data-element_type=\"widget\" data-widget_type=\"heading.default\">\n\t\t\t\t<div class=\"elementor-widget-container\">\n\t\t\t<h3 class=\"elementor-heading-title elementor-size-default\">Kim jeste\u015bmy?<\/h3>\t\t<\/div>\n\t\t\t\t<\/div>\n\t\t\t\t<div class=\"elementor-element elementor-element-45cb98b elementor-widget elementor-widget-text-editor\" data-id=\"45cb98b\" data-element_type=\"widget\" data-widget_type=\"text-editor.default\">\n\t\t\t\t<div class=\"elementor-widget-container\">\n\t\t\t\t\t\t\t<p>Air Creator to Tw\u00f3j osobisty doradca w zakresie reklamy pneumatycznej. Wieloletnie do\u015bwiadczenie pozwala na indywidualne podej\u015bcie do ka\u017cdego zlecenia. Dla nas nie istniej\u0105 zbyt ma\u0142e lub zbyt wielkie projekty. Ka\u017cdym zajmiemy si\u0119 z odpowiedni\u0105 staranno\u015bci\u0105.<\/p>\t\t\t\t\t\t<\/div>\n\t\t\t\t<\/div>\n\t\t\t\t<\/div>\n\t\t\t\t\t<\/div>\n\t\t\t\t<\/div>\n\t\t<div class=\"elementor-element elementor-element-927d52c e-flex e-con-boxed e-con e-parent\" data-id=\"927d52c\" data-element_type=\"container\">\n\t\t\t\t\t<div class=\"e-con-inner\">\n\t\t<div class=\"elementor-element elementor-element-b1b0477 e-con-full e-flex e-con e-child\" data-id=\"b1b0477\" data-element_type=\"container\">\n\t\t\t\t<div class=\"elementor-element elementor-element-c38f576 elementor-widget-divider--separator-type-pattern elementor-widget-divider--view-line elementor-widget elementor-widget-divider\" data-id=\"c38f576\" data-element_type=\"widget\" data-widget_type=\"divider.default\">\n\t\t\t\t<div class=\"elementor-widget-container\">\n\t\t\t\t\t<div class=\"elementor-divider\" style=\"--divider-pattern-url: url(&quot;data:image\/svg+xml,%3Csvg xmlns=&#039;http:\/\/www.w3.org\/2000\/svg&#039; preserveAspectRatio=&#039;none&#039; overflow=&#039;visible&#039; height=&#039;100%&#039; viewBox=&#039;0 0 24 24&#039; fill=&#039;none&#039; stroke=&#039;black&#039; stroke-width=&#039;4&#039; stroke-linecap=&#039;square&#039; stroke-miterlimit=&#039;10&#039;%3E%3Cpolyline points=&#039;0,18 12,6 24,18 &#039;\/%3E%3C\/svg%3E&quot;);\">\n\t\t\t<span class=\"elementor-divider-separator\">\n\t\t\t\t\t\t<\/span>\n\t\t<\/div>\n\t\t\t\t<\/div>\n\t\t\t\t<\/div>\n\t\t\t\t<div class=\"elementor-element elementor-element-d7f016b elementor-widget elementor-widget-heading\" data-id=\"d7f016b\" data-element_type=\"widget\" data-widget_type=\"heading.default\">\n\t\t\t\t<div class=\"elementor-widget-container\">\n\t\t\t<h3 class=\"elementor-heading-title elementor-size-default\">Dlaczego my?<\/h3>\t\t<\/div>\n\t\t\t\t<\/div>\n\t\t\t\t<div class=\"elementor-element elementor-element-9a3553b elementor-widget elementor-widget-text-editor\" data-id=\"9a3553b\" data-element_type=\"widget\" data-widget_type=\"text-editor.default\">\n\t\t\t\t<div class=\"elementor-widget-container\">\n\t\t\t\t\t\t\t<p>Air Creator to do\u015bwiadczeni projektanci, kt\u00f3rzy b\u0142yskawicznie stworz\u0105 projekt 3D, na podstawie kt\u00f3rego powstanie Twoja wymarzona reklama. Ekspresowy czas produkcji, wysoka jako\u015b\u0107. Produkt stworzony w UE, posiadaj\u0105cy wszystkie niezb\u0119dne certyfikaty bezpiecze\u0144stwa.<\/p>\t\t\t\t\t\t<\/div>\n\t\t\t\t<\/div>\n\t\t\t\t<\/div>\n\t\t<div class=\"elementor-element elementor-element-7d4c32b e-con-full e-flex elementor-invisible e-con e-child\" data-id=\"7d4c32b\" data-element_type=\"container\" data-settings=\"{&quot;animation&quot;:&quot;fadeInRight&quot;}\">\n\t\t\t\t<div class=\"elementor-element elementor-element-860925e elementor-widget elementor-widget-image\" data-id=\"860925e\" data-element_type=\"widget\" data-widget_type=\"image.default\">\n\t\t\t\t<div class=\"elementor-widget-container\">\n\t\t\t\t\t\t\t\t\t\t\t\t\t<img decoding=\"async\" width=\"800\" height=\"800\" src=\"https:\/\/aircreator.eu\/wp-content\/uploads\/2024\/01\/jurektj6_unique_inflatable_advertisement_502d2dec-aa3e-470d-a0b4-1bcb02fb9668-1.png\" class=\"attachment-large size-large wp-image-1424\" alt=\"\" srcset=\"https:\/\/aircreator.eu\/wp-content\/uploads\/2024\/01\/jurektj6_unique_inflatable_advertisement_502d2dec-aa3e-470d-a0b4-1bcb02fb9668-1.png 1024w, https:\/\/aircreator.eu\/wp-content\/uploads\/2024\/01\/jurektj6_unique_inflatable_advertisement_502d2dec-aa3e-470d-a0b4-1bcb02fb9668-1-300x300.png 300w, https:\/\/aircreator.eu\/wp-content\/uploads\/2024\/01\/jurektj6_unique_inflatable_advertisement_502d2dec-aa3e-470d-a0b4-1bcb02fb9668-1-150x150.png 150w, https:\/\/aircreator.eu\/wp-content\/uploads\/2024\/01\/jurektj6_unique_inflatable_advertisement_502d2dec-aa3e-470d-a0b4-1bcb02fb9668-1-768x768.png 768w\" sizes=\"(max-width: 800px) 100vw, 800px\" \/>\t\t\t\t\t\t\t\t\t\t\t\t\t<\/div>\n\t\t\t\t<\/div>\n\t\t\t\t<\/div>\n\t\t\t\t\t<\/div>\n\t\t\t\t<\/div>\n\t\t\t\t<\/div>\n\t\t","protected":false},"excerpt":{"rendered":"<p>Kim jeste\u015bmy? Kim jeste\u015bmy? Air Creator to Tw\u00f3j osobisty doradca w zakresie reklamy pneumatycznej. Wieloletnie do\u015bwiadczenie pozwala na indywidualne podej\u015bcie do ka\u017cdego zlecenia. Dla nas nie istniej\u0105 zbyt ma\u0142e lub zbyt wielkie projekty. Ka\u017cdym zajmiemy si\u0119 z odpowiedni\u0105 staranno\u015bci\u0105. Dlaczego my? Air Creator to do\u015bwiadczeni projektanci, kt\u00f3rzy b\u0142yskawicznie stworz\u0105 projekt 3D, na podstawie kt\u00f3rego powstanie [&hellip;]<\/p>\n","protected":false},"author":1,"featured_media":0,"parent":0,"menu_order":0,"comment_status":"closed","ping_status":"closed","template":"","meta":{"footnotes":""},"yoast_head":"<!-- This site is optimized with the Yoast SEO plugin v23.5 - https:\/\/yoast.com\/wordpress\/plugins\/seo\/ -->\n<title>Kim jeste\u015bmy? &#187; AirCreator<\/title>\n<meta name=\"robots\" content=\"index, follow, max-snippet:-1, max-image-preview:large, max-video-preview:-1\" \/>\n<link rel=\"canonical\" href=\"https:\/\/aircreator.eu\/index.php\/pl\/kim-jestesmy\/\" \/>\n<meta property=\"og:locale\" content=\"pl_PL\" \/>\n<meta property=\"og:type\" content=\"article\" \/>\n<meta property=\"og:title\" content=\"Kim jeste\u015bmy? &#187; AirCreator\" \/>\n<meta property=\"og:description\" content=\"Kim jeste\u015bmy? Kim jeste\u015bmy? Air Creator to Tw\u00f3j osobisty doradca w zakresie reklamy pneumatycznej. Wieloletnie do\u015bwiadczenie pozwala na indywidualne podej\u015bcie do ka\u017cdego zlecenia. Dla nas nie istniej\u0105 zbyt ma\u0142e lub zbyt wielkie projekty. Ka\u017cdym zajmiemy si\u0119 z odpowiedni\u0105 staranno\u015bci\u0105. Dlaczego my? Air Creator to do\u015bwiadczeni projektanci, kt\u00f3rzy b\u0142yskawicznie stworz\u0105 projekt 3D, na podstawie kt\u00f3rego powstanie [&hellip;]\" \/>\n<meta property=\"og:url\" content=\"https:\/\/aircreator.eu\/index.php\/pl\/kim-jestesmy\/\" \/>\n<meta property=\"og:site_name\" content=\"AirCreator\" \/>\n<meta property=\"article:publisher\" content=\"https:\/\/www.facebook.com\/\" \/>\n<meta property=\"article:modified_time\" content=\"2024-01-25T18:23:16+00:00\" \/>\n<meta property=\"og:image\" content=\"https:\/\/aircreator.eu\/wp-content\/uploads\/2023\/11\/stephanie-klepacki-H_47tR6gXTI-unsplash-1024x765.jpg\" \/>\n<meta name=\"twitter:card\" content=\"summary_large_image\" \/>\n<meta name=\"twitter:label1\" content=\"Szacowany czas czytania\" \/>\n\t<meta name=\"twitter:data1\" content=\"1 minuta\" \/>\n<script type=\"application\/ld+json\" class=\"yoast-schema-graph\">{\"@context\":\"https:\/\/schema.org\",\"@graph\":[{\"@type\":\"WebPage\",\"@id\":\"https:\/\/aircreator.eu\/index.php\/pl\/kim-jestesmy\/\",\"url\":\"https:\/\/aircreator.eu\/index.php\/pl\/kim-jestesmy\/\",\"name\":\"Kim jeste\u015bmy? &#187; AirCreator\",\"isPartOf\":{\"@id\":\"https:\/\/aircreator.eu\/#website\"},\"primaryImageOfPage\":{\"@id\":\"https:\/\/aircreator.eu\/index.php\/pl\/kim-jestesmy\/#primaryimage\"},\"image\":{\"@id\":\"https:\/\/aircreator.eu\/index.php\/pl\/kim-jestesmy\/#primaryimage\"},\"thumbnailUrl\":\"https:\/\/aircreator.eu\/wp-content\/uploads\/2023\/11\/stephanie-klepacki-H_47tR6gXTI-unsplash-1024x765.jpg\",\"datePublished\":\"2023-11-03T18:19:35+00:00\",\"dateModified\":\"2024-01-25T18:23:16+00:00\",\"breadcrumb\":{\"@id\":\"https:\/\/aircreator.eu\/index.php\/pl\/kim-jestesmy\/#breadcrumb\"},\"inLanguage\":\"pl-PL\",\"potentialAction\":[{\"@type\":\"ReadAction\",\"target\":[\"https:\/\/aircreator.eu\/index.php\/pl\/kim-jestesmy\/\"]}]},{\"@type\":\"ImageObject\",\"inLanguage\":\"pl-PL\",\"@id\":\"https:\/\/aircreator.eu\/index.php\/pl\/kim-jestesmy\/#primaryimage\",\"url\":\"https:\/\/aircreator.eu\/wp-content\/uploads\/2023\/11\/stephanie-klepacki-H_47tR6gXTI-unsplash-scaled.jpg\",\"contentUrl\":\"https:\/\/aircreator.eu\/wp-content\/uploads\/2023\/11\/stephanie-klepacki-H_47tR6gXTI-unsplash-scaled.jpg\",\"width\":2560,\"height\":1912},{\"@type\":\"BreadcrumbList\",\"@id\":\"https:\/\/aircreator.eu\/index.php\/pl\/kim-jestesmy\/#breadcrumb\",\"itemListElement\":[{\"@type\":\"ListItem\",\"position\":1,\"name\":\"Strona g\u0142\u00f3wna\",\"item\":\"https:\/\/aircreator.eu\/index.php\/pl\/home\/\"},{\"@type\":\"ListItem\",\"position\":2,\"name\":\"Kim jeste\u015bmy?\"}]},{\"@type\":\"WebSite\",\"@id\":\"https:\/\/aircreator.eu\/#website\",\"url\":\"https:\/\/aircreator.eu\/\",\"name\":\"AirCreator\",\"description\":\"AirCreator - Light as feathers\",\"publisher\":{\"@id\":\"https:\/\/aircreator.eu\/#organization\"},\"potentialAction\":[{\"@type\":\"SearchAction\",\"target\":{\"@type\":\"EntryPoint\",\"urlTemplate\":\"https:\/\/aircreator.eu\/?s={search_term_string}\"},\"query-input\":{\"@type\":\"PropertyValueSpecification\",\"valueRequired\":true,\"valueName\":\"search_term_string\"}}],\"inLanguage\":\"pl-PL\"},{\"@type\":\"Organization\",\"@id\":\"https:\/\/aircreator.eu\/#organization\",\"name\":\"AirCreator\",\"url\":\"https:\/\/aircreator.eu\/\",\"logo\":{\"@type\":\"ImageObject\",\"inLanguage\":\"pl-PL\",\"@id\":\"https:\/\/aircreator.eu\/#\/schema\/logo\/image\/\",\"url\":\"https:\/\/aircreator.eu\/wp-content\/uploads\/2023\/11\/sygnet.png\",\"contentUrl\":\"https:\/\/aircreator.eu\/wp-content\/uploads\/2023\/11\/sygnet.png\",\"width\":1182,\"height\":1182,\"caption\":\"AirCreator\"},\"image\":{\"@id\":\"https:\/\/aircreator.eu\/#\/schema\/logo\/image\/\"},\"sameAs\":[\"https:\/\/www.facebook.com\/\"]}]}<\/script>\n<!-- \/ Yoast SEO plugin. -->","yoast_head_json":{"title":"Kim jeste\u015bmy? &#187; AirCreator","robots":{"index":"index","follow":"follow","max-snippet":"max-snippet:-1","max-image-preview":"max-image-preview:large","max-video-preview":"max-video-preview:-1"},"canonical":"https:\/\/aircreator.eu\/index.php\/pl\/kim-jestesmy\/","og_locale":"pl_PL","og_type":"article","og_title":"Kim jeste\u015bmy? &#187; AirCreator","og_description":"Kim jeste\u015bmy? Kim jeste\u015bmy? Air Creator to Tw\u00f3j osobisty doradca w zakresie reklamy pneumatycznej. Wieloletnie do\u015bwiadczenie pozwala na indywidualne podej\u015bcie do ka\u017cdego zlecenia. Dla nas nie istniej\u0105 zbyt ma\u0142e lub zbyt wielkie projekty. Ka\u017cdym zajmiemy si\u0119 z odpowiedni\u0105 staranno\u015bci\u0105. Dlaczego my? Air Creator to do\u015bwiadczeni projektanci, kt\u00f3rzy b\u0142yskawicznie stworz\u0105 projekt 3D, na podstawie kt\u00f3rego powstanie [&hellip;]","og_url":"https:\/\/aircreator.eu\/index.php\/pl\/kim-jestesmy\/","og_site_name":"AirCreator","article_publisher":"https:\/\/www.facebook.com\/","article_modified_time":"2024-01-25T18:23:16+00:00","og_image":[{"url":"https:\/\/aircreator.eu\/wp-content\/uploads\/2023\/11\/stephanie-klepacki-H_47tR6gXTI-unsplash-1024x765.jpg"}],"twitter_card":"summary_large_image","twitter_misc":{"Szacowany czas czytania":"1 minuta"},"schema":{"@context":"https:\/\/schema.org","@graph":[{"@type":"WebPage","@id":"https:\/\/aircreator.eu\/index.php\/pl\/kim-jestesmy\/","url":"https:\/\/aircreator.eu\/index.php\/pl\/kim-jestesmy\/","name":"Kim jeste\u015bmy? &#187; AirCreator","isPartOf":{"@id":"https:\/\/aircreator.eu\/#website"},"primaryImageOfPage":{"@id":"https:\/\/aircreator.eu\/index.php\/pl\/kim-jestesmy\/#primaryimage"},"image":{"@id":"https:\/\/aircreator.eu\/index.php\/pl\/kim-jestesmy\/#primaryimage"},"thumbnailUrl":"https:\/\/aircreator.eu\/wp-content\/uploads\/2023\/11\/stephanie-klepacki-H_47tR6gXTI-unsplash-1024x765.jpg","datePublished":"2023-11-03T18:19:35+00:00","dateModified":"2024-01-25T18:23:16+00:00","breadcrumb":{"@id":"https:\/\/aircreator.eu\/index.php\/pl\/kim-jestesmy\/#breadcrumb"},"inLanguage":"pl-PL","potentialAction":[{"@type":"ReadAction","target":["https:\/\/aircreator.eu\/index.php\/pl\/kim-jestesmy\/"]}]},{"@type":"ImageObject","inLanguage":"pl-PL","@id":"https:\/\/aircreator.eu\/index.php\/pl\/kim-jestesmy\/#primaryimage","url":"https:\/\/aircreator.eu\/wp-content\/uploads\/2023\/11\/stephanie-klepacki-H_47tR6gXTI-unsplash-scaled.jpg","contentUrl":"https:\/\/aircreator.eu\/wp-content\/uploads\/2023\/11\/stephanie-klepacki-H_47tR6gXTI-unsplash-scaled.jpg","width":2560,"height":1912},{"@type":"BreadcrumbList","@id":"https:\/\/aircreator.eu\/index.php\/pl\/kim-jestesmy\/#breadcrumb","itemListElement":[{"@type":"ListItem","position":1,"name":"Strona g\u0142\u00f3wna","item":"https:\/\/aircreator.eu\/index.php\/pl\/home\/"},{"@type":"ListItem","position":2,"name":"Kim jeste\u015bmy?"}]},{"@type":"WebSite","@id":"https:\/\/aircreator.eu\/#website","url":"https:\/\/aircreator.eu\/","name":"AirCreator","description":"AirCreator - Light as feathers","publisher":{"@id":"https:\/\/aircreator.eu\/#organization"},"potentialAction":[{"@type":"SearchAction","target":{"@type":"EntryPoint","urlTemplate":"https:\/\/aircreator.eu\/?s={search_term_string}"},"query-input":{"@type":"PropertyValueSpecification","valueRequired":true,"valueName":"search_term_string"}}],"inLanguage":"pl-PL"},{"@type":"Organization","@id":"https:\/\/aircreator.eu\/#organization","name":"AirCreator","url":"https:\/\/aircreator.eu\/","logo":{"@type":"ImageObject","inLanguage":"pl-PL","@id":"https:\/\/aircreator.eu\/#\/schema\/logo\/image\/","url":"https:\/\/aircreator.eu\/wp-content\/uploads\/2023\/11\/sygnet.png","contentUrl":"https:\/\/aircreator.eu\/wp-content\/uploads\/2023\/11\/sygnet.png","width":1182,"height":1182,"caption":"AirCreator"},"image":{"@id":"https:\/\/aircreator.eu\/#\/schema\/logo\/image\/"},"sameAs":["https:\/\/www.facebook.com\/"]}]}},"_links":{"self":[{"href":"https:\/\/aircreator.eu\/index.php\/wp-json\/wp\/v2\/pages\/207"}],"collection":[{"href":"https:\/\/aircreator.eu\/index.php\/wp-json\/wp\/v2\/pages"}],"about":[{"href":"https:\/\/aircreator.eu\/index.php\/wp-json\/wp\/v2\/types\/page"}],"author":[{"embeddable":true,"href":"https:\/\/aircreator.eu\/index.php\/wp-json\/wp\/v2\/users\/1"}],"replies":[{"embeddable":true,"href":"https:\/\/aircreator.eu\/index.php\/wp-json\/wp\/v2\/comments?post=207"}],"version-history":[{"count":82,"href":"https:\/\/aircreator.eu\/index.php\/wp-json\/wp\/v2\/pages\/207\/revisions"}],"predecessor-version":[{"id":1442,"href":"https:\/\/aircreator.eu\/index.php\/wp-json\/wp\/v2\/pages\/207\/revisions\/1442"}],"wp:attachment":[{"href":"https:\/\/aircreator.eu\/index.php\/wp-json\/wp\/v2\/media?parent=207"}],"curies":[{"name":"wp","href":"https:\/\/api.w.org\/{rel}","templated":true}]}}